- 108. Let p = -25 + i. Let u be 2/(-3) - 11/(-3). What is the greatest common divisor of p and u?
3
Let x(o) = -o**3 + 6*o**2 - 5. Let r be x(4). What is the highest common divisor of 135 and r?
27
Let b(u) = -u**2 + 17*u. Let s be b(12). What is the greatest common factor of s and 12?
12
Let l be 9/(-1)*(-6)/18. Let y(v) = v**2 + 8*v + 6. Let k be y(-9). What is the highest common divisor of l and k?
3
Suppose -4*r - 4*x + 32 = 0, -4*x = -0*r - 5*r + 85. What is the greatest common divisor of 39 and r?
13
Suppose 5*n - 42 + 7 = 0. Let z = 25 - -24. Calculate the highest common factor of n and z.
7
Let x be (-282)/(-2)*5/15. Calculate the greatest common factor of 376 and x.
47
Let a(f) = -25*f**2 + 17*f - 4. Let l(q) = -12*q**2 + 8*q - 2. Let v(w) = 6*a(w) - 13*l(w). Let n be v(3). What is the greatest common factor of n and 10?
10
Let d(u) = 21*u + 1. Let t be d(1). Let y(o) = -o**3 + o - 2. Let f be y(2). Let h = f + t. Calculate the highest common divisor of h and 7.
7
Suppose -5*m + 0*m = -150. Let a be (-4)/((-4)/9) - -3. Calculate the highest common divisor of a and m.
6
Let s = 10 + -5. Suppose c + 3 = 4*d, 0*d = -2*d + 4. Suppose 2*f + f + 8 = c*j, 0 = -2*f - 2. What is the greatest common divisor of j and s?
1
Suppose 0*w + 168 = 4*w. Suppose -u + 372 = -2*u + 4*s, -4*s - 1488 = 4*u. Let l be (-2)/(-9) - u/27. What is the highest common factor of w and l?
14
Let o be (-4)/(-6) - (-12)/9. Let y be (-7)/(-21) + (-197)/(-3). Suppose 236 - y = o*h. What is the greatest common factor of h and 34?
17
Let s be (-90)/4*(-12)/9. What is the highest common divisor of 330 and s?
30
Let v(a) = a**2 + 5*a - 1. Let i be (-2)/(-2)*(7 + 0). Let d = 0 - i. Let p be v(d). What is the greatest common factor of p and 65?
13
Let f(a) = 11*a**2 - a + 1. Let j be f(1). Let t(w) = -22*w + 11. Let x be t(-5). Calculate the highest common divisor of x and j.
11
Let n(u) = u**2 - 6*u + 6. Let p be n(5). Let z = 13 - p. Suppose 0 = -k + q + 20 + 20, 0 = -2*q - 8. Calculate the highest common factor of k and z.
12
Let x be 20/(-6) - 2/3. Let o be x/(-6)*12/8. Let y be -1 + o*18/2. What is the greatest common factor of 80 and y?
8
Suppose a - 6*a = -20. What is the greatest common divisor of a and 36?
4
Suppose -6*q + 20 = -4*q - y, -3*q + 52 = 4*y. Calculate the highest common divisor of 240 and q.
12
Let w = -9 + -1. Let x be (8/w)/(-2)*20. Suppose 4 = p + 3. Calculate the highest common divisor of p and x.
1
Let d(j) = 4*j + 2. Let f be d(2). Let m be 2/6 + (-14)/6. Let b = f - m. Calculate the greatest common factor of b and 60.
12
Let q = -47 + 64. Calculate the greatest common divisor of 119 and q.
17
Suppose 6*a - a - 140 = 0. Calculate the highest common factor of a and 42.
14
Let x be (-9)/12*31*8. Let c = 263 + x. What is the highest common factor of 7 and c?
7
Let b(a) = 2*a + 11. Let w be b(-8). Let g = w + 10. Let u be (18/(-8))/(3/(-60)). What is the greatest common factor of g and u?
5
Let u(i) = i**3 - 7*i**2 - i + 10. Let a be u(7). Let h be ((-4)/(-10))/(a/15). Let b be (5 - h) + -2 + 12. Calculate the highest common factor of b and 143.
13
Let k = 181 + -101. Let z = k - -118. What is the greatest common divisor of 18 and z?
18
Suppose 141 = 2*s + 665. Let u = -130 - s. What is the highest common divisor of u and 12?
12
Let o(r) = -r**2 - 7*r + 10. Let u be o(-6). What is the greatest common factor of 64 and u?
16
Let b = 178 - 97. What is the highest common factor of 9 and b?
9
Let x be (2/(-3))/(8/1116*-3). What is the highest common divisor of 31 and x?
31
Suppose -40 = -5*q - n - 3, -3*q - 3*n + 15 = 0. Calculate the highest common factor of 8 and q.
8
Let o = 12 + 24. Calculate the highest common factor of 9 and o.
9
Suppose -2*a - 6 = 3*d, -d = -6*d - 20. Let z = a - -4. Suppose -5*i + 157 - z = 0. What is the highest common factor of 12 and i?
6
Let i(q) = q - 1. Let g be i(4). Calculate the greatest common divisor of 33 and g.
3
Let m(d) = d**2 - 3*d - 3. Let p be m(5). Let v = 3 + p. Let g = -16 - -20. What is the greatest common divisor of g and v?
2
Let y(q) = 5*q**2 + 9*q + 20. Let j be y(-5). What is the highest common factor of 25 and j?
25
Let a(u) = -u + 5. Let q be a(0). Let j(z) = z**2 - z - 5. Let i be j(6). What is the highest common divisor of q and i?
5
Suppose 0 = -x - 4*x + 5. Calculate the highest common factor of x and 7.
1
Let d be 2/(-3) - (-610)/15. Suppose 0 = 5*z - d - 40. What is the greatest common divisor of z and 112?
16
Suppose 13*j - 352 - 168 = 0. What is the highest common divisor of 320 and j?
40
Let d(i) = 12*i**3 - 2*i**2 - 2*i + 4. Let z be d(2). Calculate the greatest common factor of 8 and z.
8
Let x be 7/((-35)/(-20)) - -7. What is the highest common divisor of 55 and x?
11
Let a be (11 + -17)/((-21)/12 - -1). What is the greatest common factor of 72 and a?
8
Suppose 2*c = 2*r, r + 12 = 3*r + c. Let u(w) = -w**3 + 7*w**2 - 5*w. Let f be u(r). What is the greatest common divisor of 7 and f?
7
Suppose -1 - 12 = -r. What is the highest common divisor of r and 26?
13
Let i = 96 + -41. Let t(w) = w**3 - 5*w**2 - 4*w - 8. Let a be t(6). Let r(f) = 2*f - 3. Let c be r(a). Calculate the greatest common factor of c and i.
5
Suppose -5*n = 4*r - 0 + 1, n = r - 2. Let b(k) = -479*k**3. Let z be b(n). Let l = z + -299. What is the highest common divisor of l and 20?
20
Let h be 1/(-2) - (-89)/2. What is the greatest common factor of 22 and h?
22
Let v(m) = 2 - 3*m + 4 + 7*m. Let k be v(6). Suppose -k = -4*d + d. What is the highest common divisor of d and 70?
10
Let r be 1/(-4)*11*-8. Suppose -2*z = -4*z + 6. Let l be 0*(-1)/z + 11. Calculate the highest common divisor of r and l.
11
Let t be 2/(-5 - -2 - -2). Let n be t + 4 - (0 + -46). What is the greatest common factor of n and 16?
16
Suppose 2*u = -3 + 31. Let l(o) = 29*o**3 - o**2 + o - 1. Let b be l(1). What is the greatest common divisor of u and b?
14
Suppose 4*n = -3*a + 160, 0*n + 5*n + 3*a = 200. What is the greatest common factor of n and 10?
10
Let m = 11 + -7. Suppose 0 = 4*q - 4 - m. Calculate the greatest common factor of 10 and q.
2
Suppose -5*x + 13 = 4*g, 2 = 2*g - 2*x - 18. Calculate the highest common factor of 35 and g.
7
Let y be (-7)/(-14) - (-35)/2. Calculate the greatest common divisor of 36 and y.
18
Let f = -2 - -5. Let t be (-1)/((-56)/(-18) - f). Let a(u) = -u**3 - 9*u**2 - 2*u - 7. Let p be a(t). Calculate the greatest common factor of p and 121.
11
Let c = 126 - 81. Let l = 13 + -6. Suppose l*s - 4*s - u - 32 = 0, -3*u + 12 = 3*s. What is the greatest common factor of c and s?
9
Let x be 535/5 + -1 + -2 + 1. What is the highest common factor of x and 42?
21
Let k be ((-6)/(-4))/((-6)/(-8)). Let r be (-1100)/(-15) - k/(-3). Suppose -4*o = -r - 106. What is the greatest common divisor of 15 and o?
15
Let g be (2 + 2)*(-9)/(-6). Let q = 3 - -2. Suppose -s - 4*s = -5*j - q, 9 = -s + 3*j. Calculate the highest common divisor of s and g.
6
Suppose -i = -3*d + 24, -3*i - 15 = -d - 5*i. What is the greatest common factor of 27 and d?
9
Let u be 3 - (-9 + (-10)/(-5)). What is the highest common divisor of 40 and u?
10
Suppose 0*p + 54 = 3*p. Suppose -4*u = -u - p. Let w(h) = 5*h - 1. Let r be w(2). Calculate the greatest common factor of u and r.
3
Suppose 8*t = 4*t + 24. Let c be t + 9 + (2 - 1). What is the highest common factor of 2 and c?
2
Let l = 87 - 45. Let g = -6 - -20. What is the greatest common factor of g and l?
14
Let o = 1 - -1. Let y = 7 - o. Suppose -p = -4*b + 34, 0*b = b + y*p + 2. What is the highest common factor of b and 72?
8
Suppose 0 = -5*m - 20 + 45. Suppose s = -2*w + 8, -m*s - 8 = 4*w - 36. Calculate the greatest common factor of w and 5.
1
Suppose -c = 2*x - 25, -c + 47 = 3*x + 10. Suppose 52 = 4*u - 2*f, 5*u - 4*u + 5*f - 2 = 0. What is the greatest common divisor of x and u?
12
Suppose 4*u - 3*u - 36 = 0. What is the highest common divisor of u and 9?
9
Let c be 0/(-2*(-3)/3). Suppose -5*v - 5*x + 15 = c, 3 = -3*v + 3*x - 2*x. Suppose r - 3 - 2 = v. What is the greatest common divisor of r and 55?
5
Let m(q) = 117*q**2. Let d be m(-1). Let f = d - 5. What is the highest common factor of f and 16?
16
Let r be (-4 - -3)*-4*1. Suppose -r*c = 3*o - 13, -c - 3*o + 14 = 4*c. What is the greatest common facto